{"id":2675,"date":"2019-04-18T13:46:04","date_gmt":"2019-04-18T13:46:04","guid":{"rendered":"https:\/\/federicaariemmafotograf.live-website.com\/?post_type=gallery&amp;p=928"},"modified":"2019-04-18T13:46:04","modified_gmt":"2019-04-18T13:46:04","slug":"gianluigi-valeria","status":"publish","type":"gallery","link":"https:\/\/federicaariemma.com\/en\/gallery\/gianluigi-valeria\/","title":{"rendered":"Gianluigi e Valeria"},"content":{"rendered":"<p>Gianluigi e Valeria vivono a Londra da diversi anni, la loro anima ormai \u00e8 un p\u00f2 a strisce blu, rosse e bianche, ma il loro cuore \u00e8 legato comunque a Napoli.<\/p>\n<p>Per il loro grande giorno non potevano sacrificare nessuna delle due citt\u00e0 per cui hanno scelto di sposarsi a Napoli portando un p\u00f2 della loro amata Londra.<\/p>\n<p>Tra le colline casertane, in un&#8217;oasi verde, con fenicotteri rosa e peonie bianche, hanno celebrato un suggestivo rito civile.<\/p>\n<p>Un matrimonio ricco di dettagli, ricercato e sentito in ogni scelta.<\/p>\n<p>La sposa un&#8217;uragano, carismatica e sorridente. Tra di noi \u00e8 stato amore a prima vista!<\/p>\n<p>Adoro Valeria, si \u00e8 fidata immediatamente di me e mi ha lasciato libera di raccontare il loro matrimonio come meglio credevo.<\/p>\n<p>Sulle note di una band che emula i Beatles, i balli sono proseguiti fino a tarda notte, quando lo chef stellato Rosanna Marziale ha servito &#8220;lo spuntino di mezzanotte&#8221; agli invitati, per poi lasciare spazio al free bar.<\/p>\n<p>Team:<\/p>\n<p>Location: <a href=\"https:\/\/www.sanbartolomeo-casaincampagna.it\/\"><span style=\"text-decoration: underline;\">San Bartolomeo casa in Campagna<\/span><\/a><\/p>\n<p>Make up: <a href=\"https:\/\/www.facebook.com\/chiaralopezmakeupartist\/\"><span style=\"text-decoration: underline;\">Chiara Lopez<\/span><\/a><\/p>\n<p>Vestito della sposa: <a href=\"https:\/\/www.pronovias.com\/it\/\"><span style=\"text-decoration: underline;\">Pronovias<\/span><\/a><\/p>\n<p>Scarpe della sposa: <span style=\"text-decoration: underline;\"><a href=\"https:\/\/www.chloe.com\/it\">Chloe<\/a><\/span><\/p>\n<p>&nbsp;<\/p>","protected":false},"featured_media":1020,"template":"","meta":{"_acf_changed":false},"gallery-category":[18],"gallery-tag":[],"class_list":["post-2675","gallery","type-gallery","status-publish","has-post-thumbnail","hentry","gallery-category-other"],"acf":{"photo_gallery":{"galleria":[[]]}},"yoast_head":"<!-- This site is optimized with the Yoast SEO plugin v23.7 - https:\/\/yoast.com\/wordpress\/plugins\/seo\/ -->\n<title>Gianluigi e Valeria - Federica Ariemma<\/title>\n<meta name=\"robots\" content=\"index, follow, max-snippet:-1, max-image-preview:large, max-video-preview:-1\" \/>\n<link rel=\"canonical\" href=\"https:\/\/federicaariemma.com\/en\/gallery\/gianluigi-valeria\/\" \/>\n<meta property=\"og:locale\" content=\"en_GB\" \/>\n<meta property=\"og:type\" content=\"article\" \/>\n<meta property=\"og:title\" content=\"Gianluigi e Valeria - Federica Ariemma\" \/>\n<meta property=\"og:description\" content=\"Gianluigi e Valeria vivono a Londra da diversi anni, la loro anima ormai \u00e8 un p\u00f2 a strisce blu, rosse e bianche, ma il loro cuore \u00e8 legato comunque a Napoli. Per il loro grande giorno non potevano sacrificare nessuna delle due citt\u00e0 per cui hanno scelto di sposarsi a Napoli portando un p\u00f2 della [&hellip;]\" \/>\n<meta property=\"og:url\" content=\"https:\/\/federicaariemma.com\/en\/gallery\/gianluigi-valeria\/\" \/>\n<meta property=\"og:site_name\" content=\"Federica Ariemma\" \/>\n<meta name=\"twitter:card\" content=\"summary_large_image\" \/>\n<meta name=\"twitter:label1\" content=\"Estimated reading time\" \/>\n\t<meta name=\"twitter:data1\" content=\"1 minute\" \/>\n<script type=\"application\/ld+json\" class=\"yoast-schema-graph\">{\"@context\":\"https:\/\/schema.org\",\"@graph\":[{\"@type\":\"WebPage\",\"@id\":\"https:\/\/federicaariemma.com\/gallery\/gianluigi-valeria\/\",\"url\":\"https:\/\/federicaariemma.com\/gallery\/gianluigi-valeria\/\",\"name\":\"Gianluigi e Valeria - Federica Ariemma\",\"isPartOf\":{\"@id\":\"https:\/\/federicaariemma.com\/#website\"},\"primaryImageOfPage\":{\"@id\":\"https:\/\/federicaariemma.com\/gallery\/gianluigi-valeria\/#primaryimage\"},\"image\":{\"@id\":\"https:\/\/federicaariemma.com\/gallery\/gianluigi-valeria\/#primaryimage\"},\"thumbnailUrl\":\"\",\"datePublished\":\"2019-04-18T13:46:04+00:00\",\"dateModified\":\"2019-04-18T13:46:04+00:00\",\"breadcrumb\":{\"@id\":\"https:\/\/federicaariemma.com\/gallery\/gianluigi-valeria\/#breadcrumb\"},\"inLanguage\":\"en-GB\",\"potentialAction\":[{\"@type\":\"ReadAction\",\"target\":[\"https:\/\/federicaariemma.com\/gallery\/gianluigi-valeria\/\"]}]},{\"@type\":\"ImageObject\",\"inLanguage\":\"en-GB\",\"@id\":\"https:\/\/federicaariemma.com\/gallery\/gianluigi-valeria\/#primaryimage\",\"url\":\"\",\"contentUrl\":\"\"},{\"@type\":\"BreadcrumbList\",\"@id\":\"https:\/\/federicaariemma.com\/gallery\/gianluigi-valeria\/#breadcrumb\",\"itemListElement\":[{\"@type\":\"ListItem\",\"position\":1,\"name\":\"Home\",\"item\":\"https:\/\/federicaariemma.com\/\"},{\"@type\":\"ListItem\",\"position\":2,\"name\":\"Gianluigi e Valeria\"}]},{\"@type\":\"WebSite\",\"@id\":\"https:\/\/federicaariemma.com\/#website\",\"url\":\"https:\/\/federicaariemma.com\/\",\"name\":\"Federica Ariemma\",\"description\":\"Best Wedding Photographer Puglia\",\"publisher\":{\"@id\":\"https:\/\/federicaariemma.com\/#\/schema\/person\/cac9043dc70c5099d9f7de7f0c5c6b02\"},\"potentialAction\":[{\"@type\":\"SearchAction\",\"target\":{\"@type\":\"EntryPoint\",\"urlTemplate\":\"https:\/\/federicaariemma.com\/?s={search_term_string}\"},\"query-input\":{\"@type\":\"PropertyValueSpecification\",\"valueRequired\":true,\"valueName\":\"search_term_string\"}}],\"inLanguage\":\"en-GB\"},{\"@type\":[\"Person\",\"Organization\"],\"@id\":\"https:\/\/federicaariemma.com\/#\/schema\/person\/cac9043dc70c5099d9f7de7f0c5c6b02\",\"name\":\"Federica\",\"image\":{\"@type\":\"ImageObject\",\"inLanguage\":\"en-GB\",\"@id\":\"https:\/\/federicaariemma.com\/#\/schema\/person\/image\/\",\"url\":\"https:\/\/federicaariemma.com\/wp-content\/uploads\/2024\/07\/logo-federica.png\",\"contentUrl\":\"https:\/\/federicaariemma.com\/wp-content\/uploads\/2024\/07\/logo-federica.png\",\"width\":1512,\"height\":2138,\"caption\":\"Federica\"},\"logo\":{\"@id\":\"https:\/\/federicaariemma.com\/#\/schema\/person\/image\/\"}}]}<\/script>\n<!-- \/ Yoast SEO plugin. -->","yoast_head_json":{"title":"Gianluigi e Valeria - Federica Ariemma","robots":{"index":"index","follow":"follow","max-snippet":"max-snippet:-1","max-image-preview":"max-image-preview:large","max-video-preview":"max-video-preview:-1"},"canonical":"https:\/\/federicaariemma.com\/en\/gallery\/gianluigi-valeria\/","og_locale":"en_GB","og_type":"article","og_title":"Gianluigi e Valeria - Federica Ariemma","og_description":"Gianluigi e Valeria vivono a Londra da diversi anni, la loro anima ormai \u00e8 un p\u00f2 a strisce blu, rosse e bianche, ma il loro cuore \u00e8 legato comunque a Napoli. Per il loro grande giorno non potevano sacrificare nessuna delle due citt\u00e0 per cui hanno scelto di sposarsi a Napoli portando un p\u00f2 della [&hellip;]","og_url":"https:\/\/federicaariemma.com\/en\/gallery\/gianluigi-valeria\/","og_site_name":"Federica Ariemma","twitter_card":"summary_large_image","twitter_misc":{"Estimated reading time":"1 minute"},"schema":{"@context":"https:\/\/schema.org","@graph":[{"@type":"WebPage","@id":"https:\/\/federicaariemma.com\/gallery\/gianluigi-valeria\/","url":"https:\/\/federicaariemma.com\/gallery\/gianluigi-valeria\/","name":"Gianluigi e Valeria - Federica Ariemma","isPartOf":{"@id":"https:\/\/federicaariemma.com\/#website"},"primaryImageOfPage":{"@id":"https:\/\/federicaariemma.com\/gallery\/gianluigi-valeria\/#primaryimage"},"image":{"@id":"https:\/\/federicaariemma.com\/gallery\/gianluigi-valeria\/#primaryimage"},"thumbnailUrl":"","datePublished":"2019-04-18T13:46:04+00:00","dateModified":"2019-04-18T13:46:04+00:00","breadcrumb":{"@id":"https:\/\/federicaariemma.com\/gallery\/gianluigi-valeria\/#breadcrumb"},"inLanguage":"en-GB","potentialAction":[{"@type":"ReadAction","target":["https:\/\/federicaariemma.com\/gallery\/gianluigi-valeria\/"]}]},{"@type":"ImageObject","inLanguage":"en-GB","@id":"https:\/\/federicaariemma.com\/gallery\/gianluigi-valeria\/#primaryimage","url":"","contentUrl":""},{"@type":"BreadcrumbList","@id":"https:\/\/federicaariemma.com\/gallery\/gianluigi-valeria\/#breadcrumb","itemListElement":[{"@type":"ListItem","position":1,"name":"Home","item":"https:\/\/federicaariemma.com\/"},{"@type":"ListItem","position":2,"name":"Gianluigi e Valeria"}]},{"@type":"WebSite","@id":"https:\/\/federicaariemma.com\/#website","url":"https:\/\/federicaariemma.com\/","name":"Federica Ariemma","description":"Best Wedding Photographer Puglia","publisher":{"@id":"https:\/\/federicaariemma.com\/#\/schema\/person\/cac9043dc70c5099d9f7de7f0c5c6b02"},"potentialAction":[{"@type":"SearchAction","target":{"@type":"EntryPoint","urlTemplate":"https:\/\/federicaariemma.com\/?s={search_term_string}"},"query-input":{"@type":"PropertyValueSpecification","valueRequired":true,"valueName":"search_term_string"}}],"inLanguage":"en-GB"},{"@type":["Person","Organization"],"@id":"https:\/\/federicaariemma.com\/#\/schema\/person\/cac9043dc70c5099d9f7de7f0c5c6b02","name":"Federica","image":{"@type":"ImageObject","inLanguage":"en-GB","@id":"https:\/\/federicaariemma.com\/#\/schema\/person\/image\/","url":"https:\/\/federicaariemma.com\/wp-content\/uploads\/2024\/07\/logo-federica.png","contentUrl":"https:\/\/federicaariemma.com\/wp-content\/uploads\/2024\/07\/logo-federica.png","width":1512,"height":2138,"caption":"Federica"},"logo":{"@id":"https:\/\/federicaariemma.com\/#\/schema\/person\/image\/"}}]}},"_links":{"self":[{"href":"https:\/\/federicaariemma.com\/en\/wp-json\/wp\/v2\/gallery\/2675","targetHints":{"allow":["GET"]}}],"collection":[{"href":"https:\/\/federicaariemma.com\/en\/wp-json\/wp\/v2\/gallery"}],"about":[{"href":"https:\/\/federicaariemma.com\/en\/wp-json\/wp\/v2\/types\/gallery"}],"wp:featuredmedia":[{"embeddable":true,"href":"https:\/\/federicaariemma.com\/en\/wp-json\/"}],"wp:attachment":[{"href":"https:\/\/federicaariemma.com\/en\/wp-json\/wp\/v2\/media?parent=2675"}],"wp:term":[{"taxonomy":"gallery-category","embeddable":true,"href":"https:\/\/federicaariemma.com\/en\/wp-json\/wp\/v2\/gallery-category?post=2675"},{"taxonomy":"gallery-tag","embeddable":true,"href":"https:\/\/federicaariemma.com\/en\/wp-json\/wp\/v2\/gallery-tag?post=2675"}],"curies":[{"name":"wp","href":"https:\/\/api.w.org\/{rel}","templated":true}]}}

<p>Gianluigi e Valeria vivono a Londra da diversi anni, la loro anima ormai è un pò a strisce blu, rosse e bianche, ma il loro cuore è legato comunque a Napoli.</p>
<p>Per il loro grande giorno non potevano sacrificare nessuna delle due città per cui hanno scelto di sposarsi a Napoli portando un pò della loro amata Londra.</p>
<p>Tra le colline casertane, in un&#8217;oasi verde, con fenicotteri rosa e peonie bianche, hanno celebrato un suggestivo rito civile.</p>
<p>Un matrimonio ricco di dettagli, ricercato e sentito in ogni scelta.</p>
<p>La sposa un&#8217;uragano, carismatica e sorridente. Tra di noi è stato amore a prima vista!</p>
<p>Adoro Valeria, si è fidata immediatamente di me e mi ha lasciato libera di raccontare il loro matrimonio come meglio credevo.</p>
<p>Sulle note di una band che emula i Beatles, i balli sono proseguiti fino a tarda notte, quando lo chef stellato Rosanna Marziale ha servito &#8220;lo spuntino di mezzanotte&#8221; agli invitati, per poi lasciare spazio al free bar.</p>
<p>Team:</p>
<p>Location: <a href="https://www.sanbartolomeo-casaincampagna.it/"><span style="text-decoration: underline;">San Bartolomeo casa in Campagna</span></a></p>
<p>Make up: <a href="https://www.facebook.com/chiaralopezmakeupartist/"><span style="text-decoration: underline;">Chiara Lopez</span></a></p>
<p>Vestito della sposa: <a href="https://www.pronovias.com/it/"><span style="text-decoration: underline;">Pronovias</span></a></p>
<p>Scarpe della sposa: <span style="text-decoration: underline;"><a href="https://www.chloe.com/it">Chloe</a></span></p>
<p>&nbsp;</p>

<!-- This site is optimized with the Yoast SEO plugin v23.7 - https://yoast.com/wordpress/plugins/seo/ -->
<title>Gianluigi e Valeria - Federica Ariemma</title>
<meta name="robots" content="index, follow, max-snippet:-1, max-image-preview:large, max-video-preview:-1" />
<link rel="canonical" href="https://federicaariemma.com/en/gallery/gianluigi-valeria/" />
<meta property="og:locale" content="en_GB" />
<meta property="og:type" content="article" />
<meta property="og:title" content="Gianluigi e Valeria - Federica Ariemma" />
<meta property="og:description" content="Gianluigi e Valeria vivono a Londra da diversi anni, la loro anima ormai è un pò a strisce blu, rosse e bianche, ma il loro cuore è legato comunque a Napoli. Per il loro grande giorno non potevano sacrificare nessuna delle due città per cui hanno scelto di sposarsi a Napoli portando un pò della [&hellip;]" />
<meta property="og:url" content="https://federicaariemma.com/en/gallery/gianluigi-valeria/" />
<meta property="og:site_name" content="Federica Ariemma" />
<meta name="twitter:card" content="summary_large_image" />
<meta name="twitter:label1" content="Estimated reading time" />
	<meta name="twitter:data1" content="1 minute" />
<script type="application/ld+json" class="yoast-schema-graph">{"@context":"https://schema.org","@graph":[{"@type":"WebPage","@id":"https://federicaariemma.com/gallery/gianluigi-valeria/","url":"https://federicaariemma.com/gallery/gianluigi-valeria/","name":"Gianluigi e Valeria - Federica Ariemma","isPartOf":{"@id":"https://federicaariemma.com/#website"},"primaryImageOfPage":{"@id":"https://federicaariemma.com/gallery/gianluigi-valeria/#primaryimage"},"image":{"@id":"https://federicaariemma.com/gallery/gianluigi-valeria/#primaryimage"},"thumbnailUrl":"","datePublished":"2019-04-18T13:46:04+00:00","dateModified":"2019-04-18T13:46:04+00:00","breadcrumb":{"@id":"https://federicaariemma.com/gallery/gianluigi-valeria/#breadcrumb"},"inLanguage":"en-GB","potentialAction":[{"@type":"ReadAction","target":["https://federicaariemma.com/gallery/gianluigi-valeria/"]}]},{"@type":"ImageObject","inLanguage":"en-GB","@id":"https://federicaariemma.com/gallery/gianluigi-valeria/#primaryimage","url":"","contentUrl":""},{"@type":"BreadcrumbList","@id":"https://federicaariemma.com/gallery/gianluigi-valeria/#breadcrumb","itemListElement":[{"@type":"ListItem","position":1,"name":"Home","item":"https://federicaariemma.com/"},{"@type":"ListItem","position":2,"name":"Gianluigi e Valeria"}]},{"@type":"WebSite","@id":"https://federicaariemma.com/#website","url":"https://federicaariemma.com/","name":"Federica Ariemma","description":"Best Wedding Photographer Puglia","publisher":{"@id":"https://federicaariemma.com/#/schema/person/cac9043dc70c5099d9f7de7f0c5c6b02"},"potentialAction":[{"@type":"SearchAction","target":{"@type":"EntryPoint","urlTemplate":"https://federicaariemma.com/?s={search_term_string}"},"query-input":{"@type":"PropertyValueSpecification","valueRequired":true,"valueName":"search_term_string"}}],"inLanguage":"en-GB"},{"@type":["Person","Organization"],"@id":"https://federicaariemma.com/#/schema/person/cac9043dc70c5099d9f7de7f0c5c6b02","name":"Federica","image":{"@type":"ImageObject","inLanguage":"en-GB","@id":"https://federicaariemma.com/#/schema/person/image/","url":"https://federicaariemma.com/wp-content/uploads/2024/07/logo-federica.png","contentUrl":"https://federicaariemma.com/wp-content/uploads/2024/07/logo-federica.png","width":1512,"height":2138,"caption":"Federica"},"logo":{"@id":"https://federicaariemma.com/#/schema/person/image/"}}]}</script>
<!-- / Yoast SEO plugin. -->

Gianluigi e Valeria vivono a Londra da diversi anni, la loro anima ormai è un pò a strisce blu, rosse e bianche, ma il loro cuore è legato comunque a Napoli. Per il loro grande giorno non potevano sacrificare nessuna delle due città per cui hanno scelto di sposarsi a Napoli portando un pò della [&hellip;]
