{"id":23451,"date":"2024-11-01T16:15:46","date_gmt":"2024-11-01T15:15:46","guid":{"rendered":"https:\/\/federicaariemma.com\/?post_type=testimonianze&#038;p=23451"},"modified":"2024-12-10T18:19:19","modified_gmt":"2024-12-10T17:19:19","slug":"valeria-e-gianluigi","status":"publish","type":"testimonianze","link":"https:\/\/federicaariemma.com\/en\/testimonianze\/valeria-e-gianluigi\/","title":{"rendered":"Valeria and Gianluigi"},"content":{"rendered":"<p>To define Federica as just a photographer is limiting. Federica is exactly everything a bride looks for on the most beautiful day of her life. Extremely present without being intrusive, professional and friendly, a confidante for fears and anxieties, a psychologist... and of course, incredibly talented in her work. We couldn\u2019t have asked for anything better. Our wedding was fabulous, and thanks to Federica, our memories remain exactly as they were lived. Thank you, Fede!<\/p>","protected":false},"featured_media":23452,"template":"","class_list":["post-23451","testimonianze","type-testimonianze","status-publish","has-post-thumbnail","hentry"],"acf":[],"yoast_head":"<!-- This site is optimized with the Yoast SEO plugin v23.7 - https:\/\/yoast.com\/wordpress\/plugins\/seo\/ -->\n<title>Valeria e Gianluigi - Federica Ariemma<\/title>\n<meta name=\"robots\" content=\"index, follow, max-snippet:-1, max-image-preview:large, max-video-preview:-1\" \/>\n<link rel=\"canonical\" href=\"https:\/\/federicaariemma.com\/en\/testimonianze\/valeria-e-gianluigi\/\" \/>\n<meta property=\"og:locale\" content=\"en_GB\" \/>\n<meta property=\"og:type\" content=\"article\" \/>\n<meta property=\"og:title\" content=\"Valeria e Gianluigi - Federica Ariemma\" \/>\n<meta property=\"og:description\" content=\"Definite Federica solo un fotografo \u00e8 riduttivo. Federica \u00e8 esattamente tutto quello che una sposa cerca nel giorno pi\u00f9 bello della sua vita. Estremamente presente senza invadere, professionale e amica, confidente di paure e ansie, psicologa .. e ovviamente paurosamente brava nei suoi lavori. Non potevamo chiedere di meglio. Il nostro matrimonio \u00e8 stato favoloso [&hellip;]\" \/>\n<meta property=\"og:url\" content=\"https:\/\/federicaariemma.com\/en\/testimonianze\/valeria-e-gianluigi\/\" \/>\n<meta property=\"og:site_name\" content=\"Federica Ariemma\" \/>\n<meta property=\"article:modified_time\" content=\"2024-12-10T17:19:19+00:00\" \/>\n<meta property=\"og:image\" content=\"https:\/\/federicaariemma.com\/wp-content\/uploads\/2024\/11\/Gianluigi-e-Valeria-781.jpg\" \/>\n\t<meta property=\"og:image:width\" content=\"1600\" \/>\n\t<meta property=\"og:image:height\" content=\"1068\" \/>\n\t<meta property=\"og:image:type\" content=\"image\/jpeg\" \/>\n<meta name=\"twitter:card\" content=\"summary_large_image\" \/>\n<meta name=\"twitter:label1\" content=\"Estimated reading time\" \/>\n\t<meta name=\"twitter:data1\" content=\"1 minute\" \/>\n<script type=\"application\/ld+json\" class=\"yoast-schema-graph\">{\"@context\":\"https:\/\/schema.org\",\"@graph\":[{\"@type\":\"WebPage\",\"@id\":\"https:\/\/federicaariemma.com\/testimonianze\/valeria-e-gianluigi\/\",\"url\":\"https:\/\/federicaariemma.com\/testimonianze\/valeria-e-gianluigi\/\",\"name\":\"Valeria e Gianluigi - Federica Ariemma\",\"isPartOf\":{\"@id\":\"https:\/\/federicaariemma.com\/#website\"},\"primaryImageOfPage\":{\"@id\":\"https:\/\/federicaariemma.com\/testimonianze\/valeria-e-gianluigi\/#primaryimage\"},\"image\":{\"@id\":\"https:\/\/federicaariemma.com\/testimonianze\/valeria-e-gianluigi\/#primaryimage\"},\"thumbnailUrl\":\"https:\/\/federicaariemma.com\/wp-content\/uploads\/2024\/11\/Gianluigi-e-Valeria-781.jpg\",\"datePublished\":\"2024-11-01T15:15:46+00:00\",\"dateModified\":\"2024-12-10T17:19:19+00:00\",\"breadcrumb\":{\"@id\":\"https:\/\/federicaariemma.com\/testimonianze\/valeria-e-gianluigi\/#breadcrumb\"},\"inLanguage\":\"en-GB\",\"potentialAction\":[{\"@type\":\"ReadAction\",\"target\":[\"https:\/\/federicaariemma.com\/testimonianze\/valeria-e-gianluigi\/\"]}]},{\"@type\":\"ImageObject\",\"inLanguage\":\"en-GB\",\"@id\":\"https:\/\/federicaariemma.com\/testimonianze\/valeria-e-gianluigi\/#primaryimage\",\"url\":\"https:\/\/federicaariemma.com\/wp-content\/uploads\/2024\/11\/Gianluigi-e-Valeria-781.jpg\",\"contentUrl\":\"https:\/\/federicaariemma.com\/wp-content\/uploads\/2024\/11\/Gianluigi-e-Valeria-781.jpg\",\"width\":1600,\"height\":1068},{\"@type\":\"BreadcrumbList\",\"@id\":\"https:\/\/federicaariemma.com\/testimonianze\/valeria-e-gianluigi\/#breadcrumb\",\"itemListElement\":[{\"@type\":\"ListItem\",\"position\":1,\"name\":\"Home\",\"item\":\"https:\/\/federicaariemma.com\/\"},{\"@type\":\"ListItem\",\"position\":2,\"name\":\"Valeria e Gianluigi\"}]},{\"@type\":\"WebSite\",\"@id\":\"https:\/\/federicaariemma.com\/#website\",\"url\":\"https:\/\/federicaariemma.com\/\",\"name\":\"Federica Ariemma\",\"description\":\"Best Wedding Photographer Puglia\",\"publisher\":{\"@id\":\"https:\/\/federicaariemma.com\/#\/schema\/person\/cac9043dc70c5099d9f7de7f0c5c6b02\"},\"potentialAction\":[{\"@type\":\"SearchAction\",\"target\":{\"@type\":\"EntryPoint\",\"urlTemplate\":\"https:\/\/federicaariemma.com\/?s={search_term_string}\"},\"query-input\":{\"@type\":\"PropertyValueSpecification\",\"valueRequired\":true,\"valueName\":\"search_term_string\"}}],\"inLanguage\":\"en-GB\"},{\"@type\":[\"Person\",\"Organization\"],\"@id\":\"https:\/\/federicaariemma.com\/#\/schema\/person\/cac9043dc70c5099d9f7de7f0c5c6b02\",\"name\":\"Federica\",\"image\":{\"@type\":\"ImageObject\",\"inLanguage\":\"en-GB\",\"@id\":\"https:\/\/federicaariemma.com\/#\/schema\/person\/image\/\",\"url\":\"https:\/\/federicaariemma.com\/wp-content\/uploads\/2024\/07\/logo-federica.png\",\"contentUrl\":\"https:\/\/federicaariemma.com\/wp-content\/uploads\/2024\/07\/logo-federica.png\",\"width\":1512,\"height\":2138,\"caption\":\"Federica\"},\"logo\":{\"@id\":\"https:\/\/federicaariemma.com\/#\/schema\/person\/image\/\"}}]}<\/script>\n<!-- \/ Yoast SEO plugin. -->","yoast_head_json":{"title":"Valeria e Gianluigi - Federica Ariemma","robots":{"index":"index","follow":"follow","max-snippet":"max-snippet:-1","max-image-preview":"max-image-preview:large","max-video-preview":"max-video-preview:-1"},"canonical":"https:\/\/federicaariemma.com\/en\/testimonianze\/valeria-e-gianluigi\/","og_locale":"en_GB","og_type":"article","og_title":"Valeria e Gianluigi - Federica Ariemma","og_description":"Definite Federica solo un fotografo \u00e8 riduttivo. Federica \u00e8 esattamente tutto quello che una sposa cerca nel giorno pi\u00f9 bello della sua vita. Estremamente presente senza invadere, professionale e amica, confidente di paure e ansie, psicologa .. e ovviamente paurosamente brava nei suoi lavori. Non potevamo chiedere di meglio. Il nostro matrimonio \u00e8 stato favoloso [&hellip;]","og_url":"https:\/\/federicaariemma.com\/en\/testimonianze\/valeria-e-gianluigi\/","og_site_name":"Federica Ariemma","article_modified_time":"2024-12-10T17:19:19+00:00","og_image":[{"width":1600,"height":1068,"url":"https:\/\/federicaariemma.com\/wp-content\/uploads\/2024\/11\/Gianluigi-e-Valeria-781.jpg","type":"image\/jpeg"}],"twitter_card":"summary_large_image","twitter_misc":{"Estimated reading time":"1 minute"},"schema":{"@context":"https:\/\/schema.org","@graph":[{"@type":"WebPage","@id":"https:\/\/federicaariemma.com\/testimonianze\/valeria-e-gianluigi\/","url":"https:\/\/federicaariemma.com\/testimonianze\/valeria-e-gianluigi\/","name":"Valeria e Gianluigi - Federica Ariemma","isPartOf":{"@id":"https:\/\/federicaariemma.com\/#website"},"primaryImageOfPage":{"@id":"https:\/\/federicaariemma.com\/testimonianze\/valeria-e-gianluigi\/#primaryimage"},"image":{"@id":"https:\/\/federicaariemma.com\/testimonianze\/valeria-e-gianluigi\/#primaryimage"},"thumbnailUrl":"https:\/\/federicaariemma.com\/wp-content\/uploads\/2024\/11\/Gianluigi-e-Valeria-781.jpg","datePublished":"2024-11-01T15:15:46+00:00","dateModified":"2024-12-10T17:19:19+00:00","breadcrumb":{"@id":"https:\/\/federicaariemma.com\/testimonianze\/valeria-e-gianluigi\/#breadcrumb"},"inLanguage":"en-GB","potentialAction":[{"@type":"ReadAction","target":["https:\/\/federicaariemma.com\/testimonianze\/valeria-e-gianluigi\/"]}]},{"@type":"ImageObject","inLanguage":"en-GB","@id":"https:\/\/federicaariemma.com\/testimonianze\/valeria-e-gianluigi\/#primaryimage","url":"https:\/\/federicaariemma.com\/wp-content\/uploads\/2024\/11\/Gianluigi-e-Valeria-781.jpg","contentUrl":"https:\/\/federicaariemma.com\/wp-content\/uploads\/2024\/11\/Gianluigi-e-Valeria-781.jpg","width":1600,"height":1068},{"@type":"BreadcrumbList","@id":"https:\/\/federicaariemma.com\/testimonianze\/valeria-e-gianluigi\/#breadcrumb","itemListElement":[{"@type":"ListItem","position":1,"name":"Home","item":"https:\/\/federicaariemma.com\/"},{"@type":"ListItem","position":2,"name":"Valeria e Gianluigi"}]},{"@type":"WebSite","@id":"https:\/\/federicaariemma.com\/#website","url":"https:\/\/federicaariemma.com\/","name":"Federica Ariemma","description":"Best Wedding Photographer Puglia","publisher":{"@id":"https:\/\/federicaariemma.com\/#\/schema\/person\/cac9043dc70c5099d9f7de7f0c5c6b02"},"potentialAction":[{"@type":"SearchAction","target":{"@type":"EntryPoint","urlTemplate":"https:\/\/federicaariemma.com\/?s={search_term_string}"},"query-input":{"@type":"PropertyValueSpecification","valueRequired":true,"valueName":"search_term_string"}}],"inLanguage":"en-GB"},{"@type":["Person","Organization"],"@id":"https:\/\/federicaariemma.com\/#\/schema\/person\/cac9043dc70c5099d9f7de7f0c5c6b02","name":"Federica","image":{"@type":"ImageObject","inLanguage":"en-GB","@id":"https:\/\/federicaariemma.com\/#\/schema\/person\/image\/","url":"https:\/\/federicaariemma.com\/wp-content\/uploads\/2024\/07\/logo-federica.png","contentUrl":"https:\/\/federicaariemma.com\/wp-content\/uploads\/2024\/07\/logo-federica.png","width":1512,"height":2138,"caption":"Federica"},"logo":{"@id":"https:\/\/federicaariemma.com\/#\/schema\/person\/image\/"}}]}},"_links":{"self":[{"href":"https:\/\/federicaariemma.com\/en\/wp-json\/wp\/v2\/testimonianze\/23451","targetHints":{"allow":["GET"]}}],"collection":[{"href":"https:\/\/federicaariemma.com\/en\/wp-json\/wp\/v2\/testimonianze"}],"about":[{"href":"https:\/\/federicaariemma.com\/en\/wp-json\/wp\/v2\/types\/testimonianze"}],"wp:featuredmedia":[{"embeddable":true,"href":"https:\/\/federicaariemma.com\/en\/wp-json\/wp\/v2\/media\/23452"}],"wp:attachment":[{"href":"https:\/\/federicaariemma.com\/en\/wp-json\/wp\/v2\/media?parent=23451"}],"curies":[{"name":"wp","href":"https:\/\/api.w.org\/{rel}","templated":true}]}}

<!-- This site is optimized with the Yoast SEO plugin v23.7 - https://yoast.com/wordpress/plugins/seo/ -->
<title>Valeria e Gianluigi - Federica Ariemma</title>
<meta name="robots" content="index, follow, max-snippet:-1, max-image-preview:large, max-video-preview:-1" />
<link rel="canonical" href="https://federicaariemma.com/en/testimonianze/valeria-e-gianluigi/" />
<meta property="og:locale" content="en_GB" />
<meta property="og:type" content="article" />
<meta property="og:title" content="Valeria e Gianluigi - Federica Ariemma" />
<meta property="og:description" content="Definite Federica solo un fotografo è riduttivo. Federica è esattamente tutto quello che una sposa cerca nel giorno più bello della sua vita. Estremamente presente senza invadere, professionale e amica, confidente di paure e ansie, psicologa .. e ovviamente paurosamente brava nei suoi lavori. Non potevamo chiedere di meglio. Il nostro matrimonio è stato favoloso [&hellip;]" />
<meta property="og:url" content="https://federicaariemma.com/en/testimonianze/valeria-e-gianluigi/" />
<meta property="og:site_name" content="Federica Ariemma" />
<meta property="article:modified_time" content="2024-12-10T17:19:19+00:00" />
<meta property="og:image" content="https://federicaariemma.com/wp-content/uploads/2024/11/Gianluigi-e-Valeria-781.jpg" />
	<meta property="og:image:width" content="1600" />
	<meta property="og:image:height" content="1068" />
	<meta property="og:image:type" content="image/jpeg" />
<meta name="twitter:card" content="summary_large_image" />
<meta name="twitter:label1" content="Estimated reading time" />
	<meta name="twitter:data1" content="1 minute" />
<script type="application/ld+json" class="yoast-schema-graph">{"@context":"https://schema.org","@graph":[{"@type":"WebPage","@id":"https://federicaariemma.com/testimonianze/valeria-e-gianluigi/","url":"https://federicaariemma.com/testimonianze/valeria-e-gianluigi/","name":"Valeria e Gianluigi - Federica Ariemma","isPartOf":{"@id":"https://federicaariemma.com/#website"},"primaryImageOfPage":{"@id":"https://federicaariemma.com/testimonianze/valeria-e-gianluigi/#primaryimage"},"image":{"@id":"https://federicaariemma.com/testimonianze/valeria-e-gianluigi/#primaryimage"},"thumbnailUrl":"https://federicaariemma.com/wp-content/uploads/2024/11/Gianluigi-e-Valeria-781.jpg","datePublished":"2024-11-01T15:15:46+00:00","dateModified":"2024-12-10T17:19:19+00:00","breadcrumb":{"@id":"https://federicaariemma.com/testimonianze/valeria-e-gianluigi/#breadcrumb"},"inLanguage":"en-GB","potentialAction":[{"@type":"ReadAction","target":["https://federicaariemma.com/testimonianze/valeria-e-gianluigi/"]}]},{"@type":"ImageObject","inLanguage":"en-GB","@id":"https://federicaariemma.com/testimonianze/valeria-e-gianluigi/#primaryimage","url":"https://federicaariemma.com/wp-content/uploads/2024/11/Gianluigi-e-Valeria-781.jpg","contentUrl":"https://federicaariemma.com/wp-content/uploads/2024/11/Gianluigi-e-Valeria-781.jpg","width":1600,"height":1068},{"@type":"BreadcrumbList","@id":"https://federicaariemma.com/testimonianze/valeria-e-gianluigi/#breadcrumb","itemListElement":[{"@type":"ListItem","position":1,"name":"Home","item":"https://federicaariemma.com/"},{"@type":"ListItem","position":2,"name":"Valeria e Gianluigi"}]},{"@type":"WebSite","@id":"https://federicaariemma.com/#website","url":"https://federicaariemma.com/","name":"Federica Ariemma","description":"Best Wedding Photographer Puglia","publisher":{"@id":"https://federicaariemma.com/#/schema/person/cac9043dc70c5099d9f7de7f0c5c6b02"},"potentialAction":[{"@type":"SearchAction","target":{"@type":"EntryPoint","urlTemplate":"https://federicaariemma.com/?s={search_term_string}"},"query-input":{"@type":"PropertyValueSpecification","valueRequired":true,"valueName":"search_term_string"}}],"inLanguage":"en-GB"},{"@type":["Person","Organization"],"@id":"https://federicaariemma.com/#/schema/person/cac9043dc70c5099d9f7de7f0c5c6b02","name":"Federica","image":{"@type":"ImageObject","inLanguage":"en-GB","@id":"https://federicaariemma.com/#/schema/person/image/","url":"https://federicaariemma.com/wp-content/uploads/2024/07/logo-federica.png","contentUrl":"https://federicaariemma.com/wp-content/uploads/2024/07/logo-federica.png","width":1512,"height":2138,"caption":"Federica"},"logo":{"@id":"https://federicaariemma.com/#/schema/person/image/"}}]}</script>
<!-- / Yoast SEO plugin. -->

Definite Federica solo un fotografo è riduttivo. Federica è esattamente tutto quello che una sposa cerca nel giorno più bello della sua vita. Estremamente presente senza invadere, professionale e amica, confidente di paure e ansie, psicologa .. e ovviamente paurosamente brava nei suoi lavori. Non potevamo chiedere di meglio. Il nostro matrimonio è stato favoloso [&hellip;]
