{"id":23461,"date":"2024-11-01T16:22:56","date_gmt":"2024-11-01T15:22:56","guid":{"rendered":"https:\/\/federicaariemma.com\/?post_type=testimonianze&#038;p=23461"},"modified":"2024-12-10T18:17:05","modified_gmt":"2024-12-10T17:17:05","slug":"vittorio-e-ivana","status":"publish","type":"testimonianze","link":"https:\/\/federicaariemma.com\/en\/testimonianze\/vittorio-e-ivana\/","title":{"rendered":"Vittorio and Ivana"},"content":{"rendered":"<p>Federica is a true professional!!! If you want your wedding day to be truly the most beautiful day of your life, trust her, as she captures the most beautiful and spontaneous expressions with love and dedication at the key moments of the day. Her photos are like oil paintings of ordinary people, without porcelain faces, showcasing their natural beauty. This is what makes her style unique. Because hers is real, pure photography, without the filters we are used to seeing every day. Thanks to you and your team, we keep the most beautiful emotions, those without any staged poses. You are our artist behind the lens.<\/p>","protected":false},"featured_media":23462,"template":"","class_list":["post-23461","testimonianze","type-testimonianze","status-publish","has-post-thumbnail","hentry"],"acf":[],"yoast_head":"<!-- This site is optimized with the Yoast SEO plugin v23.7 - https:\/\/yoast.com\/wordpress\/plugins\/seo\/ -->\n<title>Vittorio e Ivana - Federica Ariemma<\/title>\n<meta name=\"robots\" content=\"index, follow, max-snippet:-1, max-image-preview:large, max-video-preview:-1\" \/>\n<link rel=\"canonical\" href=\"https:\/\/federicaariemma.com\/en\/testimonianze\/vittorio-e-ivana\/\" \/>\n<meta property=\"og:locale\" content=\"en_GB\" \/>\n<meta property=\"og:type\" content=\"article\" \/>\n<meta property=\"og:title\" content=\"Vittorio e Ivana - Federica Ariemma\" \/>\n<meta property=\"og:description\" content=\"Federica \u00e9 una professionista !!! Se volete che il vostro matrimonio sia davvero il giorno pi\u00f9 bello della vostra vita affidatevi a lei che con amore e dedizione scatta le espressioni pi\u00f9 belle e spontanee nei momenti chiave della giornata. Sono olii su tela di persone comuni senza facce di porcellana e con tutta la [&hellip;]\" \/>\n<meta property=\"og:url\" content=\"https:\/\/federicaariemma.com\/en\/testimonianze\/vittorio-e-ivana\/\" \/>\n<meta property=\"og:site_name\" content=\"Federica Ariemma\" \/>\n<meta property=\"article:modified_time\" content=\"2024-12-10T17:17:05+00:00\" \/>\n<meta property=\"og:image\" content=\"https:\/\/federicaariemma.com\/wp-content\/uploads\/2024\/11\/Federica-Ariemma-wedding-Ivana-e-Vittorio-573.jpg\" \/>\n\t<meta property=\"og:image:width\" content=\"1600\" \/>\n\t<meta property=\"og:image:height\" content=\"1067\" \/>\n\t<meta property=\"og:image:type\" content=\"image\/jpeg\" \/>\n<meta name=\"twitter:card\" content=\"summary_large_image\" \/>\n<meta name=\"twitter:label1\" content=\"Estimated reading time\" \/>\n\t<meta name=\"twitter:data1\" content=\"1 minute\" \/>\n<script type=\"application\/ld+json\" class=\"yoast-schema-graph\">{\"@context\":\"https:\/\/schema.org\",\"@graph\":[{\"@type\":\"WebPage\",\"@id\":\"https:\/\/federicaariemma.com\/testimonianze\/vittorio-e-ivana\/\",\"url\":\"https:\/\/federicaariemma.com\/testimonianze\/vittorio-e-ivana\/\",\"name\":\"Vittorio e Ivana - Federica Ariemma\",\"isPartOf\":{\"@id\":\"https:\/\/federicaariemma.com\/#website\"},\"primaryImageOfPage\":{\"@id\":\"https:\/\/federicaariemma.com\/testimonianze\/vittorio-e-ivana\/#primaryimage\"},\"image\":{\"@id\":\"https:\/\/federicaariemma.com\/testimonianze\/vittorio-e-ivana\/#primaryimage\"},\"thumbnailUrl\":\"https:\/\/federicaariemma.com\/wp-content\/uploads\/2024\/11\/Federica-Ariemma-wedding-Ivana-e-Vittorio-573.jpg\",\"datePublished\":\"2024-11-01T15:22:56+00:00\",\"dateModified\":\"2024-12-10T17:17:05+00:00\",\"breadcrumb\":{\"@id\":\"https:\/\/federicaariemma.com\/testimonianze\/vittorio-e-ivana\/#breadcrumb\"},\"inLanguage\":\"en-GB\",\"potentialAction\":[{\"@type\":\"ReadAction\",\"target\":[\"https:\/\/federicaariemma.com\/testimonianze\/vittorio-e-ivana\/\"]}]},{\"@type\":\"ImageObject\",\"inLanguage\":\"en-GB\",\"@id\":\"https:\/\/federicaariemma.com\/testimonianze\/vittorio-e-ivana\/#primaryimage\",\"url\":\"https:\/\/federicaariemma.com\/wp-content\/uploads\/2024\/11\/Federica-Ariemma-wedding-Ivana-e-Vittorio-573.jpg\",\"contentUrl\":\"https:\/\/federicaariemma.com\/wp-content\/uploads\/2024\/11\/Federica-Ariemma-wedding-Ivana-e-Vittorio-573.jpg\",\"width\":1600,\"height\":1067},{\"@type\":\"BreadcrumbList\",\"@id\":\"https:\/\/federicaariemma.com\/testimonianze\/vittorio-e-ivana\/#breadcrumb\",\"itemListElement\":[{\"@type\":\"ListItem\",\"position\":1,\"name\":\"Home\",\"item\":\"https:\/\/federicaariemma.com\/\"},{\"@type\":\"ListItem\",\"position\":2,\"name\":\"Vittorio e Ivana\"}]},{\"@type\":\"WebSite\",\"@id\":\"https:\/\/federicaariemma.com\/#website\",\"url\":\"https:\/\/federicaariemma.com\/\",\"name\":\"Federica Ariemma\",\"description\":\"Best Wedding Photographer Puglia\",\"publisher\":{\"@id\":\"https:\/\/federicaariemma.com\/#\/schema\/person\/cac9043dc70c5099d9f7de7f0c5c6b02\"},\"potentialAction\":[{\"@type\":\"SearchAction\",\"target\":{\"@type\":\"EntryPoint\",\"urlTemplate\":\"https:\/\/federicaariemma.com\/?s={search_term_string}\"},\"query-input\":{\"@type\":\"PropertyValueSpecification\",\"valueRequired\":true,\"valueName\":\"search_term_string\"}}],\"inLanguage\":\"en-GB\"},{\"@type\":[\"Person\",\"Organization\"],\"@id\":\"https:\/\/federicaariemma.com\/#\/schema\/person\/cac9043dc70c5099d9f7de7f0c5c6b02\",\"name\":\"Federica\",\"image\":{\"@type\":\"ImageObject\",\"inLanguage\":\"en-GB\",\"@id\":\"https:\/\/federicaariemma.com\/#\/schema\/person\/image\/\",\"url\":\"https:\/\/federicaariemma.com\/wp-content\/uploads\/2024\/07\/logo-federica.png\",\"contentUrl\":\"https:\/\/federicaariemma.com\/wp-content\/uploads\/2024\/07\/logo-federica.png\",\"width\":1512,\"height\":2138,\"caption\":\"Federica\"},\"logo\":{\"@id\":\"https:\/\/federicaariemma.com\/#\/schema\/person\/image\/\"}}]}<\/script>\n<!-- \/ Yoast SEO plugin. -->","yoast_head_json":{"title":"Vittorio e Ivana - Federica Ariemma","robots":{"index":"index","follow":"follow","max-snippet":"max-snippet:-1","max-image-preview":"max-image-preview:large","max-video-preview":"max-video-preview:-1"},"canonical":"https:\/\/federicaariemma.com\/en\/testimonianze\/vittorio-e-ivana\/","og_locale":"en_GB","og_type":"article","og_title":"Vittorio e Ivana - Federica Ariemma","og_description":"Federica \u00e9 una professionista !!! Se volete che il vostro matrimonio sia davvero il giorno pi\u00f9 bello della vostra vita affidatevi a lei che con amore e dedizione scatta le espressioni pi\u00f9 belle e spontanee nei momenti chiave della giornata. Sono olii su tela di persone comuni senza facce di porcellana e con tutta la [&hellip;]","og_url":"https:\/\/federicaariemma.com\/en\/testimonianze\/vittorio-e-ivana\/","og_site_name":"Federica Ariemma","article_modified_time":"2024-12-10T17:17:05+00:00","og_image":[{"width":1600,"height":1067,"url":"https:\/\/federicaariemma.com\/wp-content\/uploads\/2024\/11\/Federica-Ariemma-wedding-Ivana-e-Vittorio-573.jpg","type":"image\/jpeg"}],"twitter_card":"summary_large_image","twitter_misc":{"Estimated reading time":"1 minute"},"schema":{"@context":"https:\/\/schema.org","@graph":[{"@type":"WebPage","@id":"https:\/\/federicaariemma.com\/testimonianze\/vittorio-e-ivana\/","url":"https:\/\/federicaariemma.com\/testimonianze\/vittorio-e-ivana\/","name":"Vittorio e Ivana - Federica Ariemma","isPartOf":{"@id":"https:\/\/federicaariemma.com\/#website"},"primaryImageOfPage":{"@id":"https:\/\/federicaariemma.com\/testimonianze\/vittorio-e-ivana\/#primaryimage"},"image":{"@id":"https:\/\/federicaariemma.com\/testimonianze\/vittorio-e-ivana\/#primaryimage"},"thumbnailUrl":"https:\/\/federicaariemma.com\/wp-content\/uploads\/2024\/11\/Federica-Ariemma-wedding-Ivana-e-Vittorio-573.jpg","datePublished":"2024-11-01T15:22:56+00:00","dateModified":"2024-12-10T17:17:05+00:00","breadcrumb":{"@id":"https:\/\/federicaariemma.com\/testimonianze\/vittorio-e-ivana\/#breadcrumb"},"inLanguage":"en-GB","potentialAction":[{"@type":"ReadAction","target":["https:\/\/federicaariemma.com\/testimonianze\/vittorio-e-ivana\/"]}]},{"@type":"ImageObject","inLanguage":"en-GB","@id":"https:\/\/federicaariemma.com\/testimonianze\/vittorio-e-ivana\/#primaryimage","url":"https:\/\/federicaariemma.com\/wp-content\/uploads\/2024\/11\/Federica-Ariemma-wedding-Ivana-e-Vittorio-573.jpg","contentUrl":"https:\/\/federicaariemma.com\/wp-content\/uploads\/2024\/11\/Federica-Ariemma-wedding-Ivana-e-Vittorio-573.jpg","width":1600,"height":1067},{"@type":"BreadcrumbList","@id":"https:\/\/federicaariemma.com\/testimonianze\/vittorio-e-ivana\/#breadcrumb","itemListElement":[{"@type":"ListItem","position":1,"name":"Home","item":"https:\/\/federicaariemma.com\/"},{"@type":"ListItem","position":2,"name":"Vittorio e Ivana"}]},{"@type":"WebSite","@id":"https:\/\/federicaariemma.com\/#website","url":"https:\/\/federicaariemma.com\/","name":"Federica Ariemma","description":"Best Wedding Photographer Puglia","publisher":{"@id":"https:\/\/federicaariemma.com\/#\/schema\/person\/cac9043dc70c5099d9f7de7f0c5c6b02"},"potentialAction":[{"@type":"SearchAction","target":{"@type":"EntryPoint","urlTemplate":"https:\/\/federicaariemma.com\/?s={search_term_string}"},"query-input":{"@type":"PropertyValueSpecification","valueRequired":true,"valueName":"search_term_string"}}],"inLanguage":"en-GB"},{"@type":["Person","Organization"],"@id":"https:\/\/federicaariemma.com\/#\/schema\/person\/cac9043dc70c5099d9f7de7f0c5c6b02","name":"Federica","image":{"@type":"ImageObject","inLanguage":"en-GB","@id":"https:\/\/federicaariemma.com\/#\/schema\/person\/image\/","url":"https:\/\/federicaariemma.com\/wp-content\/uploads\/2024\/07\/logo-federica.png","contentUrl":"https:\/\/federicaariemma.com\/wp-content\/uploads\/2024\/07\/logo-federica.png","width":1512,"height":2138,"caption":"Federica"},"logo":{"@id":"https:\/\/federicaariemma.com\/#\/schema\/person\/image\/"}}]}},"_links":{"self":[{"href":"https:\/\/federicaariemma.com\/en\/wp-json\/wp\/v2\/testimonianze\/23461","targetHints":{"allow":["GET"]}}],"collection":[{"href":"https:\/\/federicaariemma.com\/en\/wp-json\/wp\/v2\/testimonianze"}],"about":[{"href":"https:\/\/federicaariemma.com\/en\/wp-json\/wp\/v2\/types\/testimonianze"}],"wp:featuredmedia":[{"embeddable":true,"href":"https:\/\/federicaariemma.com\/en\/wp-json\/wp\/v2\/media\/23462"}],"wp:attachment":[{"href":"https:\/\/federicaariemma.com\/en\/wp-json\/wp\/v2\/media?parent=23461"}],"curies":[{"name":"wp","href":"https:\/\/api.w.org\/{rel}","templated":true}]}}

<!-- This site is optimized with the Yoast SEO plugin v23.7 - https://yoast.com/wordpress/plugins/seo/ -->
<title>Vittorio e Ivana - Federica Ariemma</title>
<meta name="robots" content="index, follow, max-snippet:-1, max-image-preview:large, max-video-preview:-1" />
<link rel="canonical" href="https://federicaariemma.com/en/testimonianze/vittorio-e-ivana/" />
<meta property="og:locale" content="en_GB" />
<meta property="og:type" content="article" />
<meta property="og:title" content="Vittorio e Ivana - Federica Ariemma" />
<meta property="og:description" content="Federica é una professionista !!! Se volete che il vostro matrimonio sia davvero il giorno più bello della vostra vita affidatevi a lei che con amore e dedizione scatta le espressioni più belle e spontanee nei momenti chiave della giornata. Sono olii su tela di persone comuni senza facce di porcellana e con tutta la [&hellip;]" />
<meta property="og:url" content="https://federicaariemma.com/en/testimonianze/vittorio-e-ivana/" />
<meta property="og:site_name" content="Federica Ariemma" />
<meta property="article:modified_time" content="2024-12-10T17:17:05+00:00" />
<meta property="og:image" content="https://federicaariemma.com/wp-content/uploads/2024/11/Federica-Ariemma-wedding-Ivana-e-Vittorio-573.jpg" />
	<meta property="og:image:width" content="1600" />
	<meta property="og:image:height" content="1067" />
	<meta property="og:image:type" content="image/jpeg" />
<meta name="twitter:card" content="summary_large_image" />
<meta name="twitter:label1" content="Estimated reading time" />
	<meta name="twitter:data1" content="1 minute" />
<script type="application/ld+json" class="yoast-schema-graph">{"@context":"https://schema.org","@graph":[{"@type":"WebPage","@id":"https://federicaariemma.com/testimonianze/vittorio-e-ivana/","url":"https://federicaariemma.com/testimonianze/vittorio-e-ivana/","name":"Vittorio e Ivana - Federica Ariemma","isPartOf":{"@id":"https://federicaariemma.com/#website"},"primaryImageOfPage":{"@id":"https://federicaariemma.com/testimonianze/vittorio-e-ivana/#primaryimage"},"image":{"@id":"https://federicaariemma.com/testimonianze/vittorio-e-ivana/#primaryimage"},"thumbnailUrl":"https://federicaariemma.com/wp-content/uploads/2024/11/Federica-Ariemma-wedding-Ivana-e-Vittorio-573.jpg","datePublished":"2024-11-01T15:22:56+00:00","dateModified":"2024-12-10T17:17:05+00:00","breadcrumb":{"@id":"https://federicaariemma.com/testimonianze/vittorio-e-ivana/#breadcrumb"},"inLanguage":"en-GB","potentialAction":[{"@type":"ReadAction","target":["https://federicaariemma.com/testimonianze/vittorio-e-ivana/"]}]},{"@type":"ImageObject","inLanguage":"en-GB","@id":"https://federicaariemma.com/testimonianze/vittorio-e-ivana/#primaryimage","url":"https://federicaariemma.com/wp-content/uploads/2024/11/Federica-Ariemma-wedding-Ivana-e-Vittorio-573.jpg","contentUrl":"https://federicaariemma.com/wp-content/uploads/2024/11/Federica-Ariemma-wedding-Ivana-e-Vittorio-573.jpg","width":1600,"height":1067},{"@type":"BreadcrumbList","@id":"https://federicaariemma.com/testimonianze/vittorio-e-ivana/#breadcrumb","itemListElement":[{"@type":"ListItem","position":1,"name":"Home","item":"https://federicaariemma.com/"},{"@type":"ListItem","position":2,"name":"Vittorio e Ivana"}]},{"@type":"WebSite","@id":"https://federicaariemma.com/#website","url":"https://federicaariemma.com/","name":"Federica Ariemma","description":"Best Wedding Photographer Puglia","publisher":{"@id":"https://federicaariemma.com/#/schema/person/cac9043dc70c5099d9f7de7f0c5c6b02"},"potentialAction":[{"@type":"SearchAction","target":{"@type":"EntryPoint","urlTemplate":"https://federicaariemma.com/?s={search_term_string}"},"query-input":{"@type":"PropertyValueSpecification","valueRequired":true,"valueName":"search_term_string"}}],"inLanguage":"en-GB"},{"@type":["Person","Organization"],"@id":"https://federicaariemma.com/#/schema/person/cac9043dc70c5099d9f7de7f0c5c6b02","name":"Federica","image":{"@type":"ImageObject","inLanguage":"en-GB","@id":"https://federicaariemma.com/#/schema/person/image/","url":"https://federicaariemma.com/wp-content/uploads/2024/07/logo-federica.png","contentUrl":"https://federicaariemma.com/wp-content/uploads/2024/07/logo-federica.png","width":1512,"height":2138,"caption":"Federica"},"logo":{"@id":"https://federicaariemma.com/#/schema/person/image/"}}]}</script>
<!-- / Yoast SEO plugin. -->

Federica é una professionista !!! Se volete che il vostro matrimonio sia davvero il giorno più bello della vostra vita affidatevi a lei che con amore e dedizione scatta le espressioni più belle e spontanee nei momenti chiave della giornata. Sono olii su tela di persone comuni senza facce di porcellana e con tutta la [&hellip;]
