{"id":23485,"date":"2024-11-01T16:31:47","date_gmt":"2024-11-01T15:31:47","guid":{"rendered":"https:\/\/federicaariemma.com\/?post_type=testimonianze&#038;p=23485"},"modified":"2024-12-10T18:07:29","modified_gmt":"2024-12-10T17:07:29","slug":"raffaella-e-lino","status":"publish","type":"testimonianze","link":"https:\/\/federicaariemma.com\/en\/testimonianze\/raffaella-e-lino\/","title":{"rendered":"Raffaella and Lino"},"content":{"rendered":"<p>Federica was a great discovery! We didn't have the chance to meet before the wedding, but it wasn\u2019t necessary. Her photos immediately struck me, and talking to her, you can immediately tell she is an extremely professional, empathetic, and highly demanding person.<\/p>","protected":false},"featured_media":23486,"template":"","class_list":["post-23485","testimonianze","type-testimonianze","status-publish","has-post-thumbnail","hentry"],"acf":[],"yoast_head":"<!-- This site is optimized with the Yoast SEO plugin v23.7 - https:\/\/yoast.com\/wordpress\/plugins\/seo\/ -->\n<title>Raffaella e Lino - Federica Ariemma<\/title>\n<meta name=\"robots\" content=\"index, follow, max-snippet:-1, max-image-preview:large, max-video-preview:-1\" \/>\n<link rel=\"canonical\" href=\"https:\/\/federicaariemma.com\/en\/testimonianze\/raffaella-e-lino\/\" \/>\n<meta property=\"og:locale\" content=\"en_GB\" \/>\n<meta property=\"og:type\" content=\"article\" \/>\n<meta property=\"og:title\" content=\"Raffaella e Lino - Federica Ariemma\" \/>\n<meta property=\"og:description\" content=\"Federica \u00e8 stata una grande scoperta! Non abbiamo avuto modo di vederci prima del matrimonio ma non \u00e8 stato necessario. Le sue foto mi hanno immediatamente colpito e parlando con lei capisci subito che \u00e8 una persona estremamente professionale, empatica e molto esigente.\" \/>\n<meta property=\"og:url\" content=\"https:\/\/federicaariemma.com\/en\/testimonianze\/raffaella-e-lino\/\" \/>\n<meta property=\"og:site_name\" content=\"Federica Ariemma\" \/>\n<meta property=\"article:modified_time\" content=\"2024-12-10T17:07:29+00:00\" \/>\n<meta property=\"og:image\" content=\"https:\/\/federicaariemma.com\/wp-content\/uploads\/2024\/11\/Raffaella-e-Lino-1611-_ML77523.jpg\" \/>\n\t<meta property=\"og:image:width\" content=\"1600\" \/>\n\t<meta property=\"og:image:height\" content=\"1067\" \/>\n\t<meta property=\"og:image:type\" content=\"image\/jpeg\" \/>\n<meta name=\"twitter:card\" content=\"summary_large_image\" \/>\n<meta name=\"twitter:label1\" content=\"Estimated reading time\" \/>\n\t<meta name=\"twitter:data1\" content=\"1 minute\" \/>\n<script type=\"application\/ld+json\" class=\"yoast-schema-graph\">{\"@context\":\"https:\/\/schema.org\",\"@graph\":[{\"@type\":\"WebPage\",\"@id\":\"https:\/\/federicaariemma.com\/testimonianze\/raffaella-e-lino\/\",\"url\":\"https:\/\/federicaariemma.com\/testimonianze\/raffaella-e-lino\/\",\"name\":\"Raffaella e Lino - Federica Ariemma\",\"isPartOf\":{\"@id\":\"https:\/\/federicaariemma.com\/#website\"},\"primaryImageOfPage\":{\"@id\":\"https:\/\/federicaariemma.com\/testimonianze\/raffaella-e-lino\/#primaryimage\"},\"image\":{\"@id\":\"https:\/\/federicaariemma.com\/testimonianze\/raffaella-e-lino\/#primaryimage\"},\"thumbnailUrl\":\"https:\/\/federicaariemma.com\/wp-content\/uploads\/2024\/11\/Raffaella-e-Lino-1611-_ML77523.jpg\",\"datePublished\":\"2024-11-01T15:31:47+00:00\",\"dateModified\":\"2024-12-10T17:07:29+00:00\",\"breadcrumb\":{\"@id\":\"https:\/\/federicaariemma.com\/testimonianze\/raffaella-e-lino\/#breadcrumb\"},\"inLanguage\":\"en-GB\",\"potentialAction\":[{\"@type\":\"ReadAction\",\"target\":[\"https:\/\/federicaariemma.com\/testimonianze\/raffaella-e-lino\/\"]}]},{\"@type\":\"ImageObject\",\"inLanguage\":\"en-GB\",\"@id\":\"https:\/\/federicaariemma.com\/testimonianze\/raffaella-e-lino\/#primaryimage\",\"url\":\"https:\/\/federicaariemma.com\/wp-content\/uploads\/2024\/11\/Raffaella-e-Lino-1611-_ML77523.jpg\",\"contentUrl\":\"https:\/\/federicaariemma.com\/wp-content\/uploads\/2024\/11\/Raffaella-e-Lino-1611-_ML77523.jpg\",\"width\":1600,\"height\":1067},{\"@type\":\"BreadcrumbList\",\"@id\":\"https:\/\/federicaariemma.com\/testimonianze\/raffaella-e-lino\/#breadcrumb\",\"itemListElement\":[{\"@type\":\"ListItem\",\"position\":1,\"name\":\"Home\",\"item\":\"https:\/\/federicaariemma.com\/\"},{\"@type\":\"ListItem\",\"position\":2,\"name\":\"Raffaella e Lino\"}]},{\"@type\":\"WebSite\",\"@id\":\"https:\/\/federicaariemma.com\/#website\",\"url\":\"https:\/\/federicaariemma.com\/\",\"name\":\"Federica Ariemma\",\"description\":\"Best Wedding Photographer Puglia\",\"publisher\":{\"@id\":\"https:\/\/federicaariemma.com\/#\/schema\/person\/cac9043dc70c5099d9f7de7f0c5c6b02\"},\"potentialAction\":[{\"@type\":\"SearchAction\",\"target\":{\"@type\":\"EntryPoint\",\"urlTemplate\":\"https:\/\/federicaariemma.com\/?s={search_term_string}\"},\"query-input\":{\"@type\":\"PropertyValueSpecification\",\"valueRequired\":true,\"valueName\":\"search_term_string\"}}],\"inLanguage\":\"en-GB\"},{\"@type\":[\"Person\",\"Organization\"],\"@id\":\"https:\/\/federicaariemma.com\/#\/schema\/person\/cac9043dc70c5099d9f7de7f0c5c6b02\",\"name\":\"Federica\",\"image\":{\"@type\":\"ImageObject\",\"inLanguage\":\"en-GB\",\"@id\":\"https:\/\/federicaariemma.com\/#\/schema\/person\/image\/\",\"url\":\"https:\/\/federicaariemma.com\/wp-content\/uploads\/2024\/07\/logo-federica.png\",\"contentUrl\":\"https:\/\/federicaariemma.com\/wp-content\/uploads\/2024\/07\/logo-federica.png\",\"width\":1512,\"height\":2138,\"caption\":\"Federica\"},\"logo\":{\"@id\":\"https:\/\/federicaariemma.com\/#\/schema\/person\/image\/\"}}]}<\/script>\n<!-- \/ Yoast SEO plugin. -->","yoast_head_json":{"title":"Raffaella e Lino - Federica Ariemma","robots":{"index":"index","follow":"follow","max-snippet":"max-snippet:-1","max-image-preview":"max-image-preview:large","max-video-preview":"max-video-preview:-1"},"canonical":"https:\/\/federicaariemma.com\/en\/testimonianze\/raffaella-e-lino\/","og_locale":"en_GB","og_type":"article","og_title":"Raffaella e Lino - Federica Ariemma","og_description":"Federica \u00e8 stata una grande scoperta! Non abbiamo avuto modo di vederci prima del matrimonio ma non \u00e8 stato necessario. Le sue foto mi hanno immediatamente colpito e parlando con lei capisci subito che \u00e8 una persona estremamente professionale, empatica e molto esigente.","og_url":"https:\/\/federicaariemma.com\/en\/testimonianze\/raffaella-e-lino\/","og_site_name":"Federica Ariemma","article_modified_time":"2024-12-10T17:07:29+00:00","og_image":[{"width":1600,"height":1067,"url":"https:\/\/federicaariemma.com\/wp-content\/uploads\/2024\/11\/Raffaella-e-Lino-1611-_ML77523.jpg","type":"image\/jpeg"}],"twitter_card":"summary_large_image","twitter_misc":{"Estimated reading time":"1 minute"},"schema":{"@context":"https:\/\/schema.org","@graph":[{"@type":"WebPage","@id":"https:\/\/federicaariemma.com\/testimonianze\/raffaella-e-lino\/","url":"https:\/\/federicaariemma.com\/testimonianze\/raffaella-e-lino\/","name":"Raffaella e Lino - Federica Ariemma","isPartOf":{"@id":"https:\/\/federicaariemma.com\/#website"},"primaryImageOfPage":{"@id":"https:\/\/federicaariemma.com\/testimonianze\/raffaella-e-lino\/#primaryimage"},"image":{"@id":"https:\/\/federicaariemma.com\/testimonianze\/raffaella-e-lino\/#primaryimage"},"thumbnailUrl":"https:\/\/federicaariemma.com\/wp-content\/uploads\/2024\/11\/Raffaella-e-Lino-1611-_ML77523.jpg","datePublished":"2024-11-01T15:31:47+00:00","dateModified":"2024-12-10T17:07:29+00:00","breadcrumb":{"@id":"https:\/\/federicaariemma.com\/testimonianze\/raffaella-e-lino\/#breadcrumb"},"inLanguage":"en-GB","potentialAction":[{"@type":"ReadAction","target":["https:\/\/federicaariemma.com\/testimonianze\/raffaella-e-lino\/"]}]},{"@type":"ImageObject","inLanguage":"en-GB","@id":"https:\/\/federicaariemma.com\/testimonianze\/raffaella-e-lino\/#primaryimage","url":"https:\/\/federicaariemma.com\/wp-content\/uploads\/2024\/11\/Raffaella-e-Lino-1611-_ML77523.jpg","contentUrl":"https:\/\/federicaariemma.com\/wp-content\/uploads\/2024\/11\/Raffaella-e-Lino-1611-_ML77523.jpg","width":1600,"height":1067},{"@type":"BreadcrumbList","@id":"https:\/\/federicaariemma.com\/testimonianze\/raffaella-e-lino\/#breadcrumb","itemListElement":[{"@type":"ListItem","position":1,"name":"Home","item":"https:\/\/federicaariemma.com\/"},{"@type":"ListItem","position":2,"name":"Raffaella e Lino"}]},{"@type":"WebSite","@id":"https:\/\/federicaariemma.com\/#website","url":"https:\/\/federicaariemma.com\/","name":"Federica Ariemma","description":"Best Wedding Photographer Puglia","publisher":{"@id":"https:\/\/federicaariemma.com\/#\/schema\/person\/cac9043dc70c5099d9f7de7f0c5c6b02"},"potentialAction":[{"@type":"SearchAction","target":{"@type":"EntryPoint","urlTemplate":"https:\/\/federicaariemma.com\/?s={search_term_string}"},"query-input":{"@type":"PropertyValueSpecification","valueRequired":true,"valueName":"search_term_string"}}],"inLanguage":"en-GB"},{"@type":["Person","Organization"],"@id":"https:\/\/federicaariemma.com\/#\/schema\/person\/cac9043dc70c5099d9f7de7f0c5c6b02","name":"Federica","image":{"@type":"ImageObject","inLanguage":"en-GB","@id":"https:\/\/federicaariemma.com\/#\/schema\/person\/image\/","url":"https:\/\/federicaariemma.com\/wp-content\/uploads\/2024\/07\/logo-federica.png","contentUrl":"https:\/\/federicaariemma.com\/wp-content\/uploads\/2024\/07\/logo-federica.png","width":1512,"height":2138,"caption":"Federica"},"logo":{"@id":"https:\/\/federicaariemma.com\/#\/schema\/person\/image\/"}}]}},"_links":{"self":[{"href":"https:\/\/federicaariemma.com\/en\/wp-json\/wp\/v2\/testimonianze\/23485","targetHints":{"allow":["GET"]}}],"collection":[{"href":"https:\/\/federicaariemma.com\/en\/wp-json\/wp\/v2\/testimonianze"}],"about":[{"href":"https:\/\/federicaariemma.com\/en\/wp-json\/wp\/v2\/types\/testimonianze"}],"wp:featuredmedia":[{"embeddable":true,"href":"https:\/\/federicaariemma.com\/en\/wp-json\/wp\/v2\/media\/23486"}],"wp:attachment":[{"href":"https:\/\/federicaariemma.com\/en\/wp-json\/wp\/v2\/media?parent=23485"}],"curies":[{"name":"wp","href":"https:\/\/api.w.org\/{rel}","templated":true}]}}

<!-- This site is optimized with the Yoast SEO plugin v23.7 - https://yoast.com/wordpress/plugins/seo/ -->
<title>Raffaella e Lino - Federica Ariemma</title>
<meta name="robots" content="index, follow, max-snippet:-1, max-image-preview:large, max-video-preview:-1" />
<link rel="canonical" href="https://federicaariemma.com/en/testimonianze/raffaella-e-lino/" />
<meta property="og:locale" content="en_GB" />
<meta property="og:type" content="article" />
<meta property="og:title" content="Raffaella e Lino - Federica Ariemma" />
<meta property="og:description" content="Federica è stata una grande scoperta! Non abbiamo avuto modo di vederci prima del matrimonio ma non è stato necessario. Le sue foto mi hanno immediatamente colpito e parlando con lei capisci subito che è una persona estremamente professionale, empatica e molto esigente." />
<meta property="og:url" content="https://federicaariemma.com/en/testimonianze/raffaella-e-lino/" />
<meta property="og:site_name" content="Federica Ariemma" />
<meta property="article:modified_time" content="2024-12-10T17:07:29+00:00" />
<meta property="og:image" content="https://federicaariemma.com/wp-content/uploads/2024/11/Raffaella-e-Lino-1611-_ML77523.jpg" />
	<meta property="og:image:width" content="1600" />
	<meta property="og:image:height" content="1067" />
	<meta property="og:image:type" content="image/jpeg" />
<meta name="twitter:card" content="summary_large_image" />
<meta name="twitter:label1" content="Estimated reading time" />
	<meta name="twitter:data1" content="1 minute" />
<script type="application/ld+json" class="yoast-schema-graph">{"@context":"https://schema.org","@graph":[{"@type":"WebPage","@id":"https://federicaariemma.com/testimonianze/raffaella-e-lino/","url":"https://federicaariemma.com/testimonianze/raffaella-e-lino/","name":"Raffaella e Lino - Federica Ariemma","isPartOf":{"@id":"https://federicaariemma.com/#website"},"primaryImageOfPage":{"@id":"https://federicaariemma.com/testimonianze/raffaella-e-lino/#primaryimage"},"image":{"@id":"https://federicaariemma.com/testimonianze/raffaella-e-lino/#primaryimage"},"thumbnailUrl":"https://federicaariemma.com/wp-content/uploads/2024/11/Raffaella-e-Lino-1611-_ML77523.jpg","datePublished":"2024-11-01T15:31:47+00:00","dateModified":"2024-12-10T17:07:29+00:00","breadcrumb":{"@id":"https://federicaariemma.com/testimonianze/raffaella-e-lino/#breadcrumb"},"inLanguage":"en-GB","potentialAction":[{"@type":"ReadAction","target":["https://federicaariemma.com/testimonianze/raffaella-e-lino/"]}]},{"@type":"ImageObject","inLanguage":"en-GB","@id":"https://federicaariemma.com/testimonianze/raffaella-e-lino/#primaryimage","url":"https://federicaariemma.com/wp-content/uploads/2024/11/Raffaella-e-Lino-1611-_ML77523.jpg","contentUrl":"https://federicaariemma.com/wp-content/uploads/2024/11/Raffaella-e-Lino-1611-_ML77523.jpg","width":1600,"height":1067},{"@type":"BreadcrumbList","@id":"https://federicaariemma.com/testimonianze/raffaella-e-lino/#breadcrumb","itemListElement":[{"@type":"ListItem","position":1,"name":"Home","item":"https://federicaariemma.com/"},{"@type":"ListItem","position":2,"name":"Raffaella e Lino"}]},{"@type":"WebSite","@id":"https://federicaariemma.com/#website","url":"https://federicaariemma.com/","name":"Federica Ariemma","description":"Best Wedding Photographer Puglia","publisher":{"@id":"https://federicaariemma.com/#/schema/person/cac9043dc70c5099d9f7de7f0c5c6b02"},"potentialAction":[{"@type":"SearchAction","target":{"@type":"EntryPoint","urlTemplate":"https://federicaariemma.com/?s={search_term_string}"},"query-input":{"@type":"PropertyValueSpecification","valueRequired":true,"valueName":"search_term_string"}}],"inLanguage":"en-GB"},{"@type":["Person","Organization"],"@id":"https://federicaariemma.com/#/schema/person/cac9043dc70c5099d9f7de7f0c5c6b02","name":"Federica","image":{"@type":"ImageObject","inLanguage":"en-GB","@id":"https://federicaariemma.com/#/schema/person/image/","url":"https://federicaariemma.com/wp-content/uploads/2024/07/logo-federica.png","contentUrl":"https://federicaariemma.com/wp-content/uploads/2024/07/logo-federica.png","width":1512,"height":2138,"caption":"Federica"},"logo":{"@id":"https://federicaariemma.com/#/schema/person/image/"}}]}</script>
<!-- / Yoast SEO plugin. -->

Federica è stata una grande scoperta! Non abbiamo avuto modo di vederci prima del matrimonio ma non è stato necessario. Le sue foto mi hanno immediatamente colpito e parlando con lei capisci subito che è una persona estremamente professionale, empatica e molto esigente.
